{"id":340,"date":"2021-07-01T21:39:40","date_gmt":"2021-07-01T21:39:40","guid":{"rendered":"https:\/\/www.cepillosirca.com\/?post_type=product&#038;p=340"},"modified":"2023-09-28T01:59:44","modified_gmt":"2023-09-28T01:59:44","slug":"cepillo-profesional-linea-perla","status":"publish","type":"product","link":"https:\/\/www.cepillosirca.com\/en\/product\/cepillo-profesional-linea-perla\/","title":{"rendered":"Pearl Line"},"content":{"rendered":"<p>Los Cepillos profesionales L\u00ednea Perla, est\u00e1n montados sobre cabos de madera natural y tienen mango de espuma; esto hace que el agarre sea mas firme dado que el cepillo no se desliza al momento de hacer alisados. Su forma anat\u00f3mica favorece el agarre del cabello desde la ra\u00edz, adem\u00e1s de moldear mejor las puntas del cabello.<\/p>\n<p>Visita nuestro\u00a0<strong><a href=\"https:\/\/www.cepillosirca.com\/en\/blog\/\">blog<\/a><\/strong>\u00a0y conoce m\u00e1s sobre nuestros productos.<\/p>","protected":false},"excerpt":{"rendered":"<p><strong>Professional Pearl Line Brush<\/strong><\/p>\n<p><strong>Material: Natural Wood<\/strong><\/p>\n<p><strong>Bristles: Tuft-type\u00a0<\/strong><\/p>\n<p><strong>Handle: PVC rubber<\/strong><\/p>","protected":false},"featured_media":1182,"comment_status":"open","ping_status":"closed","template":"","meta":{"_et_pb_use_builder":"","_et_pb_old_content":"","_et_gb_content_width":""},"product_cat":[51],"product_tag":[31,30,22,20,21],"class_list":["post-340","product","type-product","status-publish","has-post-thumbnail","hentry","product_cat-linea-penacho","product_tag-cepillo-profesional-irca-linea-perla","product_tag-cepillo-profesional-linea-perla","product_tag-cepillos-irca","product_tag-cepillos-profesionales-de-peluqueria","product_tag-cepillos-profesionales-para-el-pelo"],"yoast_head":"<!-- This site is optimized with the Yoast SEO plugin v21.0 - https:\/\/yoast.com\/wordpress\/plugins\/seo\/ -->\n<title>L\u00ednea Perla | Cepillos Irca<\/title>\n<meta name=\"description\" content=\"Utiliza el cepillo adecuado para el cuidado de tu pelo. Nuestro Cepillo profesional L\u00ednea Perla, es ideal para moldear las puntas del cabello.\" \/>\n<meta name=\"robots\" content=\"index, follow, max-snippet:-1, max-image-preview:large, max-video-preview:-1\" \/>\n<link rel=\"canonical\" href=\"https:\/\/www.cepillosirca.com\/en\/product\/cepillo-profesional-linea-perla\/\" \/>\n<meta property=\"og:locale\" content=\"en_US\" \/>\n<meta property=\"og:type\" content=\"article\" \/>\n<meta property=\"og:title\" content=\"L\u00ednea Perla | Cepillos Irca\" \/>\n<meta property=\"og:description\" content=\"Utiliza el cepillo adecuado para el cuidado de tu pelo. Nuestro Cepillo profesional L\u00ednea Perla, es ideal para moldear las puntas del cabello.\" \/>\n<meta property=\"og:url\" content=\"https:\/\/www.cepillosirca.com\/en\/product\/cepillo-profesional-linea-perla\/\" \/>\n<meta property=\"og:site_name\" content=\"Cepillos Irca\" \/>\n<meta property=\"article:modified_time\" content=\"2023-09-28T01:59:44+00:00\" \/>\n<meta property=\"og:image\" content=\"https:\/\/www.cepillosirca.com\/wp-content\/uploads\/2021\/07\/cepillos-profesionales-irca-perla.jpg\" \/>\n\t<meta property=\"og:image:width\" content=\"1649\" \/>\n\t<meta property=\"og:image:height\" content=\"1477\" \/>\n\t<meta property=\"og:image:type\" content=\"image\/png\" \/>\n<meta name=\"twitter:card\" content=\"summary_large_image\" \/>\n<meta name=\"twitter:label1\" content=\"Est. reading time\" \/>\n\t<meta name=\"twitter:data1\" content=\"1 minute\" \/>\n<script type=\"application\/ld+json\" class=\"yoast-schema-graph\">{\"@context\":\"https:\/\/schema.org\",\"@graph\":[{\"@type\":\"WebPage\",\"@id\":\"https:\/\/www.cepillosirca.com\/producto\/cepillo-profesional-linea-perla\/\",\"url\":\"https:\/\/www.cepillosirca.com\/producto\/cepillo-profesional-linea-perla\/\",\"name\":\"L\u00ednea Perla | Cepillos Irca\",\"isPartOf\":{\"@id\":\"https:\/\/www.cepillosirca.com\/#website\"},\"datePublished\":\"2021-07-01T21:39:40+00:00\",\"dateModified\":\"2023-09-28T01:59:44+00:00\",\"description\":\"Utiliza el cepillo adecuado para el cuidado de tu pelo. Nuestro Cepillo profesional L\u00ednea Perla, es ideal para moldear las puntas del cabello.\",\"breadcrumb\":{\"@id\":\"https:\/\/www.cepillosirca.com\/producto\/cepillo-profesional-linea-perla\/#breadcrumb\"},\"inLanguage\":\"en-US\",\"potentialAction\":[{\"@type\":\"ReadAction\",\"target\":[\"https:\/\/www.cepillosirca.com\/producto\/cepillo-profesional-linea-perla\/\"]}]},{\"@type\":\"BreadcrumbList\",\"@id\":\"https:\/\/www.cepillosirca.com\/producto\/cepillo-profesional-linea-perla\/#breadcrumb\",\"itemListElement\":[{\"@type\":\"ListItem\",\"position\":1,\"name\":\"Portada\",\"item\":\"https:\/\/www.cepillosirca.com\/\"},{\"@type\":\"ListItem\",\"position\":2,\"name\":\"Productos\",\"item\":\"https:\/\/www.cepillosirca.com\/productos\/\"},{\"@type\":\"ListItem\",\"position\":3,\"name\":\"L\u00ednea Perla\"}]},{\"@type\":\"WebSite\",\"@id\":\"https:\/\/www.cepillosirca.com\/#website\",\"url\":\"https:\/\/www.cepillosirca.com\/\",\"name\":\"Cepillos Irca\",\"description\":\"Cepillos Irca\",\"publisher\":{\"@id\":\"https:\/\/www.cepillosirca.com\/#organization\"},\"potentialAction\":[{\"@type\":\"SearchAction\",\"target\":{\"@type\":\"EntryPoint\",\"urlTemplate\":\"https:\/\/www.cepillosirca.com\/?s={search_term_string}\"},\"query-input\":\"required name=search_term_string\"}],\"inLanguage\":\"en-US\"},{\"@type\":\"Organization\",\"@id\":\"https:\/\/www.cepillosirca.com\/#organization\",\"name\":\"Cepillos Irca\",\"url\":\"https:\/\/www.cepillosirca.com\/\",\"logo\":{\"@type\":\"ImageObject\",\"inLanguage\":\"en-US\",\"@id\":\"https:\/\/www.cepillosirca.com\/#\/schema\/logo\/image\/\",\"url\":\"https:\/\/www.cepillosirca.com\/wp-content\/uploads\/2021\/06\/logo-industrias-irca.jpg\",\"contentUrl\":\"https:\/\/www.cepillosirca.com\/wp-content\/uploads\/2021\/06\/logo-industrias-irca.jpg\",\"width\":333,\"height\":151,\"caption\":\"Cepillos Irca\"},\"image\":{\"@id\":\"https:\/\/www.cepillosirca.com\/#\/schema\/logo\/image\/\"}}]}<\/script>\n<!-- \/ Yoast SEO plugin. -->","yoast_head_json":{"title":"L\u00ednea Perla | Cepillos Irca","description":"Utiliza el cepillo adecuado para el cuidado de tu pelo. Nuestro Cepillo profesional L\u00ednea Perla, es ideal para moldear las puntas del cabello.","robots":{"index":"index","follow":"follow","max-snippet":"max-snippet:-1","max-image-preview":"max-image-preview:large","max-video-preview":"max-video-preview:-1"},"canonical":"https:\/\/www.cepillosirca.com\/en\/product\/cepillo-profesional-linea-perla\/","og_locale":"en_US","og_type":"article","og_title":"L\u00ednea Perla | Cepillos Irca","og_description":"Utiliza el cepillo adecuado para el cuidado de tu pelo. Nuestro Cepillo profesional L\u00ednea Perla, es ideal para moldear las puntas del cabello.","og_url":"https:\/\/www.cepillosirca.com\/en\/product\/cepillo-profesional-linea-perla\/","og_site_name":"Cepillos Irca","article_modified_time":"2023-09-28T01:59:44+00:00","og_image":[{"width":1649,"height":1477,"url":"https:\/\/www.cepillosirca.com\/wp-content\/uploads\/2021\/07\/cepillos-profesionales-irca-perla.jpg","type":"image\/png"}],"twitter_card":"summary_large_image","twitter_misc":{"Est. reading time":"1 minute"},"schema":{"@context":"https:\/\/schema.org","@graph":[{"@type":"WebPage","@id":"https:\/\/www.cepillosirca.com\/producto\/cepillo-profesional-linea-perla\/","url":"https:\/\/www.cepillosirca.com\/producto\/cepillo-profesional-linea-perla\/","name":"L\u00ednea Perla | Cepillos Irca","isPartOf":{"@id":"https:\/\/www.cepillosirca.com\/#website"},"datePublished":"2021-07-01T21:39:40+00:00","dateModified":"2023-09-28T01:59:44+00:00","description":"Utiliza el cepillo adecuado para el cuidado de tu pelo. Nuestro Cepillo profesional L\u00ednea Perla, es ideal para moldear las puntas del cabello.","breadcrumb":{"@id":"https:\/\/www.cepillosirca.com\/producto\/cepillo-profesional-linea-perla\/#breadcrumb"},"inLanguage":"en-US","potentialAction":[{"@type":"ReadAction","target":["https:\/\/www.cepillosirca.com\/producto\/cepillo-profesional-linea-perla\/"]}]},{"@type":"BreadcrumbList","@id":"https:\/\/www.cepillosirca.com\/producto\/cepillo-profesional-linea-perla\/#breadcrumb","itemListElement":[{"@type":"ListItem","position":1,"name":"Portada","item":"https:\/\/www.cepillosirca.com\/"},{"@type":"ListItem","position":2,"name":"Productos","item":"https:\/\/www.cepillosirca.com\/productos\/"},{"@type":"ListItem","position":3,"name":"L\u00ednea Perla"}]},{"@type":"WebSite","@id":"https:\/\/www.cepillosirca.com\/#website","url":"https:\/\/www.cepillosirca.com\/","name":"Cepillos Irca","description":"Cepillos Irca","publisher":{"@id":"https:\/\/www.cepillosirca.com\/#organization"},"potentialAction":[{"@type":"SearchAction","target":{"@type":"EntryPoint","urlTemplate":"https:\/\/www.cepillosirca.com\/?s={search_term_string}"},"query-input":"required name=search_term_string"}],"inLanguage":"en-US"},{"@type":"Organization","@id":"https:\/\/www.cepillosirca.com\/#organization","name":"Cepillos Irca","url":"https:\/\/www.cepillosirca.com\/","logo":{"@type":"ImageObject","inLanguage":"en-US","@id":"https:\/\/www.cepillosirca.com\/#\/schema\/logo\/image\/","url":"https:\/\/www.cepillosirca.com\/wp-content\/uploads\/2021\/06\/logo-industrias-irca.jpg","contentUrl":"https:\/\/www.cepillosirca.com\/wp-content\/uploads\/2021\/06\/logo-industrias-irca.jpg","width":333,"height":151,"caption":"Cepillos Irca"},"image":{"@id":"https:\/\/www.cepillosirca.com\/#\/schema\/logo\/image\/"}}]}},"_links":{"self":[{"href":"https:\/\/www.cepillosirca.com\/en\/wp-json\/wp\/v2\/product\/340","targetHints":{"allow":["GET"]}}],"collection":[{"href":"https:\/\/www.cepillosirca.com\/en\/wp-json\/wp\/v2\/product"}],"about":[{"href":"https:\/\/www.cepillosirca.com\/en\/wp-json\/wp\/v2\/types\/product"}],"replies":[{"embeddable":true,"href":"https:\/\/www.cepillosirca.com\/en\/wp-json\/wp\/v2\/comments?post=340"}],"wp:featuredmedia":[{"embeddable":true,"href":"https:\/\/www.cepillosirca.com\/en\/wp-json\/wp\/v2\/media\/1182"}],"wp:attachment":[{"href":"https:\/\/www.cepillosirca.com\/en\/wp-json\/wp\/v2\/media?parent=340"}],"wp:term":[{"taxonomy":"product_cat","embeddable":true,"href":"https:\/\/www.cepillosirca.com\/en\/wp-json\/wp\/v2\/product_cat?post=340"},{"taxonomy":"product_tag","embeddable":true,"href":"https:\/\/www.cepillosirca.com\/en\/wp-json\/wp\/v2\/product_tag?post=340"}],"curies":[{"name":"wp","href":"https:\/\/api.w.org\/{rel}","templated":true}]}}

<p>Los Cepillos profesionales Línea Perla, están montados sobre cabos de madera natural y tienen mango de espuma; esto hace que el agarre sea mas firme dado que el cepillo no se desliza al momento de hacer alisados. Su forma anatómica favorece el agarre del cabello desde la raíz, además de moldear mejor las puntas del cabello.</p>
<p>Visita nuestro <strong><a href="https://www.cepillosirca.com/en/blog/">blog</a></strong> y conoce más sobre nuestros productos.</p>

<!-- This site is optimized with the Yoast SEO plugin v21.0 - https://yoast.com/wordpress/plugins/seo/ -->
<title>Línea Perla | Cepillos Irca</title>
<meta name="description" content="Utiliza el cepillo adecuado para el cuidado de tu pelo. Nuestro Cepillo profesional Línea Perla, es ideal para moldear las puntas del cabello." />
<meta name="robots" content="index, follow, max-snippet:-1, max-image-preview:large, max-video-preview:-1" />
<link rel="canonical" href="https://www.cepillosirca.com/en/product/cepillo-profesional-linea-perla/" />
<meta property="og:locale" content="en_US" />
<meta property="og:type" content="article" />
<meta property="og:title" content="Línea Perla | Cepillos Irca" />
<meta property="og:description" content="Utiliza el cepillo adecuado para el cuidado de tu pelo. Nuestro Cepillo profesional Línea Perla, es ideal para moldear las puntas del cabello." />
<meta property="og:url" content="https://www.cepillosirca.com/en/product/cepillo-profesional-linea-perla/" />
<meta property="og:site_name" content="Cepillos Irca" />
<meta property="article:modified_time" content="2023-09-28T01:59:44+00:00" />
<meta property="og:image" content="https://www.cepillosirca.com/wp-content/uploads/2021/07/cepillos-profesionales-irca-perla.jpg" />
	<meta property="og:image:width" content="1649" />
	<meta property="og:image:height" content="1477" />
	<meta property="og:image:type" content="image/png" />
<meta name="twitter:card" content="summary_large_image" />
<meta name="twitter:label1" content="Est. reading time" />
	<meta name="twitter:data1" content="1 minute" />
<script type="application/ld+json" class="yoast-schema-graph">{"@context":"https://schema.org","@graph":[{"@type":"WebPage","@id":"https://www.cepillosirca.com/producto/cepillo-profesional-linea-perla/","url":"https://www.cepillosirca.com/producto/cepillo-profesional-linea-perla/","name":"Línea Perla | Cepillos Irca","isPartOf":{"@id":"https://www.cepillosirca.com/#website"},"datePublished":"2021-07-01T21:39:40+00:00","dateModified":"2023-09-28T01:59:44+00:00","description":"Utiliza el cepillo adecuado para el cuidado de tu pelo. Nuestro Cepillo profesional Línea Perla, es ideal para moldear las puntas del cabello.","breadcrumb":{"@id":"https://www.cepillosirca.com/producto/cepillo-profesional-linea-perla/#breadcrumb"},"inLanguage":"en-US","potentialAction":[{"@type":"ReadAction","target":["https://www.cepillosirca.com/producto/cepillo-profesional-linea-perla/"]}]},{"@type":"BreadcrumbList","@id":"https://www.cepillosirca.com/producto/cepillo-profesional-linea-perla/#breadcrumb","itemListElement":[{"@type":"ListItem","position":1,"name":"Portada","item":"https://www.cepillosirca.com/"},{"@type":"ListItem","position":2,"name":"Productos","item":"https://www.cepillosirca.com/productos/"},{"@type":"ListItem","position":3,"name":"Línea Perla"}]},{"@type":"WebSite","@id":"https://www.cepillosirca.com/#website","url":"https://www.cepillosirca.com/","name":"Cepillos Irca","description":"Cepillos Irca","publisher":{"@id":"https://www.cepillosirca.com/#organization"},"potentialAction":[{"@type":"SearchAction","target":{"@type":"EntryPoint","urlTemplate":"https://www.cepillosirca.com/?s={search_term_string}"},"query-input":"required name=search_term_string"}],"inLanguage":"en-US"},{"@type":"Organization","@id":"https://www.cepillosirca.com/#organization","name":"Cepillos Irca","url":"https://www.cepillosirca.com/","logo":{"@type":"ImageObject","inLanguage":"en-US","@id":"https://www.cepillosirca.com/#/schema/logo/image/","url":"https://www.cepillosirca.com/wp-content/uploads/2021/06/logo-industrias-irca.jpg","contentUrl":"https://www.cepillosirca.com/wp-content/uploads/2021/06/logo-industrias-irca.jpg","width":333,"height":151,"caption":"Cepillos Irca"},"image":{"@id":"https://www.cepillosirca.com/#/schema/logo/image/"}}]}</script>
<!-- / Yoast SEO plugin. -->

Línea Perla | Cepillos Irca

Utiliza el cepillo adecuado para el cuidado de tu pelo. Nuestro Cepillo profesional Línea Perla, es ideal para moldear las puntas del cabello.

Línea Perla
